)?
-5
Let n(s) = 4*s**2 - 3*s**2 + 6*s - 668877*s**3 + 0 - 7 + 668874*s**3. Calculate n(3).
-61
Suppose -2*y - y - 3 = 0. Let b(a) be the first derivative of 23*a**4/4 + 6477. Give b(y).
-23
Let u(x) = 1. Let o(l) = -l**2 - 2*l. Let g(f) = o(f) - 5*u(f). Let c be g(-2). Let q(y) = -y**2 - 4*y. Calculate q(c).
-5
Suppose -52*g = -438 + 22. Let s(k) = -4*k + 22. What is s(g)?
-10
Let g(y) be the second derivative of -y**5/20 - y**4/3 - y**3/2 - 9*y**2/2 + y - 79. What is g(-3)?
-9
Let x(t) = t - 4. Let v be x(7). Let f(j) = 2*j**3 + 0*j**2 + j - 4 - v*j**2 + 5. Suppose 5*z - 439 = -429. Give f(z).
7
Let r(l) = l + 4. Let a be r(2). Suppose a*z = 5*z - 18. Let w = -27 - z. Let t(v) = v**2 + 10*v + 13. Give t(w).
4
Let w(j) = -j. Let s(a) = 14*a**2 - 5*a + 1. Let g(r) = s(r) - 2*w(r). Calculate g(1).
12
Let s be (-1034)/(-8)*(-10 + 14). Let x = -522 + s. Let n(g) = g**3 + 7*g**2 + 8*g + 3. What is n(x)?
13
Let p = 55 - 20. Suppose p = 4*c + c. Let x(u) = -2*u**3 - 11*u**2 + 25. Let r(j) = -3*j**3 - 12*j**2 - 2*j + 32. Let q(y) = -3*r(y) + 4*x(y). What is q(c)?
-3
Let o(d) = -d**3 - 2*d**2 + d + 3. Let u(k) = 3*k**3 - 16*k**2 - 2*k + 19. Let z(b) = 4*o(b) + u(b). Determine z(-24).
-17
Let f(z) = 13*z**2 + z - 6. Let d(j) = -11*j**2 + 6. Let c(u) = 7*d(u) + 6*f(u). Suppose -4*t + 7 = -l, -4*l - 18 = -4*t - 2. What is c(l)?
-3
Let l(j) = -721*j - 2 + 720*j + j**3 + 38*j**2 - 60 - 5. What is l(-38)?
-29
Let x(p) = 2*p**2 - 31*p + 68. Let i be x(13). Let v(z) = -3*z + 16*z + 5 - 2*z - 4 + i*z. Give v(-1).
-13
Let q(t) = 31*t + 959. Let x be q(-31). Let k(v) = -19*v**2 - v + 2. Give k(x).
-72
Let k(y) = -3*y - 2. Let g(w) = -6*w - 1. Let x be g(-1). Suppose -3*q = x*n + 258, -3*q + 219 + 63 = -5*n. Let p = n + 48. Give k(p).
16
Let o(u) = 5*u - 53. Suppose -435 + 403 = -3*z + 2*k, -k + 50 = 4*z. What is o(z)?
7
Let d(l) = -l - 1. Let b be d(-7). Let y(c) be the first derivative of -c**3/3 + 2*c**2 - 7*c - 8220. What is y(b)?
-19
Let a(h) = 3*h + 7. Let j(z) = z**2 + 2*z + 2. Let b be j(-3). Suppose -4*p + b = -7. Let t(x) = x**2 - 5*x. Let c be t(p). Calculate a(c).
-11
Let j be 5 + -1*(0 - 1). Let o(i) be the first derivative of -297 + 1/3*i**3 - 3*i**2 - 4*i. Calculate o(j).
-4
Let k(d) = -2*d**3 - 96*d**2 + 99*d + 29. Let j be k(-49). Let a(h) = -h**2 - 23*h + 1. Give a(j).
61
Suppose 3*i - 14 = -8. Let m(t) = -3*t**i - 39*t + 2*t**2 + 40*t + 2*t**3. What is m(-2)?
-22
Let d(p) = -2*p + 55. Let v(i) = -5*i + 131. Let u(t) = -9*d(t) + 4*v(t). Determine u(-6).
41
Let c(i) = -i**3 + 5*i**2 + 8*i - 9. Let x be c(6). Let b(w) = 0 - w + 1 - 2*w + 2. What is b(x)?
-6
Let d = -8064 + 8073. Let f(j) be the second derivative of 0 - 1/6*j**3 - 9/2*j**2 + 1/12*j**4 + d*j + 1/20*j**5. Give f(0).
-9
Let u(i) = -13*i - 60. Let y be 44202/(-3753) - (1 - (-14)/(-18)). Give u(y).
96
Let f(t) = -t**3 + 2*t**2 + 11. Let p be f(0). Suppose -i + 2*h = -p, -14*i + 11*i + 19 = h. Let w(l) = -l**2 + 3*l - 7. What is w(i)?
-35
Suppose 0 = 3*q + 2*q + 470. Let h = q + 13. Let m = h + 78. Let f(w) = -w**2. What is f(m)?
-9
Let j(u) = -26*u + 412. Let s be j(16). Let b(o) = 2*o - 17. What is b(s)?
-25
Let b be 4/(-10) + (-14)/(-10). Let m(c) be the first derivative of 2*c**4 - c**2/2 + 2*c + 51693. What is m(b)?
9
Let q(z) = z**3 + 6*z**2 - 9*z + 4. Let u(l) = -14*l - 134. Let a be u(-9). Give q(a).
-52
Suppose 2*x + 2*p = 6, -4*p = -x - 9*p + 7. Suppose 2*g = -5*z - 10, 4 + 6 = x*z - 2*g. Let u(k) = -k**3 + k**2 - 8. Give u(z).
-8
Let c(d) = -3*d + 20. Suppose -2*l - 4*z + 16 = 0, 2*l + 5*z - 78 = -63. Give c(l).
-10
Suppose 15*r - 126 = -6*r. Let n(j) = 5*j + 2 + 3*j**3 - 4*j**2 + 2 + j**3. Let b(s) = -5*s**3 + 4*s**2 - 5*s - 4. Let h(k) = r*n(k) + 5*b(k). Determine h(-4).
-16
Let u(z) = -20*z**3 + 9*z**2 - 29*z - 12. Let m(i) = 11*i**3 - 4*i**2 + 14*i + 6. Let t(o) = 9*m(o) + 5*u(o). Determine t(5).
-1
Let m(b) = 48*b + 1. Suppose 0 = -121*d - 196 + 75. What is m(d)?
-47
Let k(b) be the second derivative of -b**4/12 - 25*b**3/6 - 147*b**2/2 - 680*b. Give k(-13).
9
Let x(h) = 9 - 1 + 1 - 9 - 1 - 8*h. Suppose -j = -6*j - 15. Calculate x(j).
23
Let c(l) be the second derivative of l**7/840 + l**6/360 - l**5/30 - l**4/6 + 32*l**3/3 - 4*l + 1. Let p(y) be the second derivative of c(y). Determine p(-3).
-10
Let r be 14 + (-8)/(-28) + 24/14. Suppose 0*a - r = -8*a. Suppose -17*n - 2 + a = 0. Let g(d) = -d - 1. Calculate g(n).
-1
Let p(q) = -2*q - 2. Let b(a) be the first derivative of -a**2 + 164. Let g(u) = -3*b(u) + 2*p(u). Give g(3).
2
Let t(d) be the third derivative of 2*d**4/3 - 3*d**3 + 6651*d**2. Determine t(1).
-2
Let f be -29 + 11 - (-3 + -13). Let d(k) = -32*k - 1. Give d(f).
63
Let h(v) = 18*v**2 + 13*v. Let q(l) = -40*l**2 - 28*l - 2. Let r(w) = -9*h(w) - 4*q(w). Determine r(-4).
-4
Let n be (-4 + 3)*(-8 - -4). Let l(w) = -n*w - 2 + 5 + 5*w. Give l(7).
10
Let s(u) be the second derivative of -u**4/3 - u**3/2 + 3*u**2/2 - 3*u - 2. Let n(h) = 213*h - 1494. Let t be n(7). Give s(t).
-24
Let m = -12 + 11. Let u be (1 + -2)/(m/2). Suppose u*d - 10 = -6. Let t(x) = -x**3 + 3*x**2 - 3*x. What is t(d)?
-2
Let q(c) = -5*c**3 + 10*c**2 + 8. Let m(b) = 18*b**3 - 30*b**2 + b - 22. Let w(a) = -2*m(a) - 7*q(a). Calculate w(-10).
8
Let r(m) = m**3 + 28 - 5*m + 4 - 7*m**2 - 7*m**2 - m**2 + 33. Give r(15).
-10
Let l(z) = 515*z - 75. Let f(s) = 88*s - 13. Let i(q) = 35*f(q) - 6*l(q). Give i(7).
-75
Let i(w) be the third derivative of 0*w - 1/2*w**3 - 71 - w**2 - 1/4*w**4 + 2/15*w**5 - 1/120*w**6. What is i(7)?
4
Let j(v) = v**2 + 2*v + 5. Let u(h) = -5*h**2 - 6*h - 14. Let k(m) = 4*j(m) + u(m). What is k(0)?
6
Let g(r) = -r**2 - 66*r - 8*r - 8 + 71*r. Let b = 16 - 22. What is g(b)?
-26
Suppose -334 = -5*a - 4*t, 8*t - 4*t + 226 = 3*a. Let w(s) = 33 + 4*s + 38 - a. Let l = 3 - 4. Calculate w(l).
-3
Let k(n) be the first derivative of -13*n**2/2 + 86*n + 3579. What is k(6)?
8
Let f(w) = -9*w - 14. Let j(d) = 8*d + 15. Let t(i) = 5*f(i) + 6*j(i). Let r be t(-6). Let n(v) = 6 + 2*v - 4 - 4. Give n(r).
2
Let b(x) = -4*x - 18. Let o(f) = f**2 + 2*f - 5. Let a be o(-7). Suppose -w + 3*h = w + 12, -h + a = -5*w. Let p be b(w). Let y(v) = v + 5. Determine y(p).
11
Suppose -12 = -0*w + 4*w - 4*n, 4*n - 10 = 5*w. Suppose 13*q + 80 = w. Let g(p) = p**2 + 3*p - 14. What is g(q)?
4
Suppose 0 = -i - 4*q + 14, 5*i = -0*q - q - 6. Let w(z) = 2*z**2 + 6*z + 4. Let s be w(i). Let c(h) = 4*h**2 + s*h - h**2 - 1 + 2*h**2 - 2*h. Give c(-1).
6
Suppose 4*i + 16 = -8. Let w(m) = m**3 + m**2 - 25*m + 2. Let k be w(6). Let g(d) = -d - d**2 + 2*d**2 + 9*d - k + 113. What is g(i)?
-3
Let b(n) = 20*n**2 - 26*n + 6. Let m be ((-3)/6 + 1)*(-31 - 3). Let a(v) = -7*v**2 + 9*v - 2. Let c(h) = m*a(h) - 6*b(h). Suppose -d + 2 = -0. Determine c(d).
0
Let a(f) = 28*f**2 + 18*f + 16. Let h(q) = -237*q**2 - 145*q - 128. Let s(b) = -17*a(b) - 2*h(b). Give s(-6).
8
Let s(o) = 62 + 126*o - 39*o - 39*o - 38*o. Calculate s(-7).
-8
Let b(g) be the first derivative of g**3/3 - 5*g**2/2 - 8*g + 77. Suppose -2*o - 2*f + 10 = 0, -2*f - 2*f = 4. Let a = o - -1. Give b(a).
6
Let m(v) = 2*v + 34. Let a be (11/22*-18)/(1/1). Calculate m(a).
16
Suppose 5*y = -i + 215, -49 = -3*y - 2*i + 80. Let k = -32 + y. Let h(f) = -f - 6. Determine h(k).
-17
Let v(d) be the second derivative of d**3/3 - 3*d**2 - 21*d. Let w(r) = r**2 - 4. Let p be w(3). Let i be v(p). Let o(h) = -h**2 + 2*h - 2. What is o(i)?
-10
Suppose 2062 = -109*f - 2176 + 1186. Let t(c) = -c**3 - 27*c**2 + 26*c - 59. Give t(f).
-3
Let q be (85/10 + -7)/((-84)/(-616)). Let d(w) = 3*w**2 - 33*w + 14. Give d(q).
14
Let p(u) be the third derivative of -u**6/120 + 7*u**5/20 + 7*u**4/8 + 31*u**3/6 + 19*u**2 - u. What is p(22)?
9
Let t(i) = -4*i + 66. Suppose -4*c - 16 = 130*n - 132*n, 6*c - 96 = -3*n. Calculate t(n).
-14
Let l = -2394 - -2387. Let f(j) = -j**2 - 11*j - 6. Determine f(l).
22
Let a(r) = -10 + 394*r**2 + 0 + 7 + 12 - 400*r**2 + 3*r. What is a(4)?
-75
Let n(o) = -398300*o + 145 - 103 + 398272*o. Determine n(0).
42
Let a(z) = -5*z - 11. Let c be a(-4). Let r(f) = -f**3 - 9 - 3094*f + 8*f**2 - 3105*f + 6207*f. What is r(c)?
-18
Let o(q) = -15*q - 20. Let m(r) = -7*r - 10. Let a be (505/(-45) - -5) + (-2)/(-9). Let z(h) = a*o(h) + 13*m(h). Calculate z(-6).
-4
Let u = -228 + 